 are the prime factors of 3982643?
7, 37, 15377
List the prime factors of 820193.
11, 173, 431
List the prime factors of 2430433.
23, 251, 421
What are the prime factors of 43620437?
7, 29, 30697
List the prime factors of 19164901.
7, 19, 103, 1399
What are the prime factors of 528889?
167, 3167
What are the prime factors of 193805?
5, 83, 467
List the prime factors of 503926.
2, 197, 1279
List the prime factors of 29328591.
3, 9776197
What are the prime factors of 285631?
285631
List the prime factors of 7481346.
2, 3, 1246891
List the prime factors of 12156711.
3, 7, 199, 2909
What are the prime factors of 311353?
7, 19, 2341
List the prime factors of 1893632.
2, 13, 569
What are the prime factors of 471991?
13, 36307
List the prime factors of 18558468.
2, 3, 83, 6211
What are the prime factors of 1109054?
2, 554527
List the prime factors of 585597.
3, 29, 53, 127
List the prime factors of 8847792.
2, 3, 6827
List the prime factors of 111459.
3, 53, 701
What are the prime factors of 725123?
7, 71, 1459
List the prime factors of 191740.
2, 5, 9587
List the prime factors of 11007233.
11007233
What are the prime factors of 9263811?
3, 19, 162523
What are the prime factors of 13805560?
2, 5, 345139
What are the prime factors of 6091031?
6091031
List the prime factors of 2466776.
2, 13, 23719
What are the prime factors of 871430?
2, 5, 7, 59, 211
What are the prime factors of 181210?
2, 5, 18121
What are the prime factors of 15447120?
2, 3, 5, 13, 4951
What are the prime factors of 8555930?
2, 5, 17, 50329
List the prime factors of 7254623.
7254623
What are the prime factors of 1677126?
2, 3, 11, 25411
List the prime factors of 17728.
2, 277
List the prime factors of 9346338.
2, 3, 53, 97, 101
List the prime factors of 3602146.
2, 1801073
What are the prime factors of 174436?
2, 43609
What are the prime factors of 507939?
3, 169313
List the prime factors of 269628.
2, 3, 22469
What are the prime factors of 66870?
2, 3, 5, 743
What are the prime factors of 259158?
2, 3, 47, 919
What are the prime factors of 5821514?
2, 17, 47, 3643
List the prime factors of 316032.
2, 3, 823
List the prime factors of 1465687.
79, 18553
What are the prime factors of 23977716?
2, 3, 7, 131, 2179
What are the prime factors of 22366996?
2, 31, 180379
List the prime factors of 654882.
2, 3, 109147
List the prime factors of 130206.
2, 3, 21701
List the prime factors of 2724660.
2, 3, 5, 15137
What are the prime factors of 2978793?
3, 29, 101, 113
What are the prime factors of 12445563?
3, 13, 319117
What are the prime factors of 12335258?
2, 13, 474433
What are the prime factors of 1846610?
2, 5, 19, 9719
List the prime factors of 3682018.
2, 37, 49757
List the prime factors of 6575942.
2, 557, 5903
What are the prime factors of 9528140?
2, 5, 476407
What are the prime factors of 129566?
2, 64783
List the prime factors of 10597097.
7, 1513871
List the prime factors of 3384494.
2, 1692247
What are the prime factors of 7959308?
2, 7, 284261
What are the prime factors of 125006?
2, 7, 8929
List the prime factors of 4400827.
211, 20857
What are the prime factors of 253589?
7, 17, 2131
What are the prime factors of 4948671?
3, 7, 13, 18127
What are the prime factors of 787445?
5, 157489
List the prime factors of 3433258.
2, 41, 149, 281
What are the prime factors of 2322180?
2, 3, 5, 7, 19, 97
What are the prime factors of 1419457?
13, 137, 797
List the prime factors of 31466647.
59, 241, 2213
List the prime factors of 143541.
3, 41, 389
List the prime factors of 1331503.
137, 9719
What are the prime factors of 2291808?
2, 3, 23873
List the prime factors of 2603428.
2, 71, 89, 103
What are the prime factors of 6954?
2, 3, 19, 61
List the prime factors of 3076773.
3, 7, 146513
List the prime factors of 107112.
2, 3, 4463
What are the prime factors of 3856777?
3856777
List the prime factors of 13629103.
13629103
What are the prime factors of 1391568?
2, 3, 53, 547
What are the prime factors of 7592578?
2, 7, 97, 5591
List the prime factors of 4122840.
2, 3, 5, 17, 43, 47
What are the prime factors of 293154?
2, 3, 48859
What are the prime factors of 247623?
3, 59, 1399
What are the prime factors of 4249643?
17, 457, 547
List the prime factors of 378353.
378353
List the prime factors of 4443720.
2, 3, 5, 19, 1949
What are the prime factors of 1312960?
2, 5, 11, 373
What are the prime factors of 369533?
41, 9013
List the prime factors of 168947.
43, 3929
What are the prime factors of 1009839?
3, 336613
What are the prime factors of 1795673?
11, 163243
What are the prime factors of 1260218?
2, 191, 3299
List the prime factors of 96640.
2, 5, 151
What are the prime factors of 16059133?
16059133
What are the prime factors of 12355363?
29, 79, 5393
What are the prime factors of 158474?
2, 17, 59, 79
List the prime factors of 17329198.
2, 53, 163483
List the prime factors of 15699249.
3, 1744361
List the prime factors of 7295383.
7295383
List the prime factors of 1818236.
2, 7, 64937
List the prime factors of 284527.
284527
What are the prime factors of 563818?
2, 29, 9721
What are the prime factors of 452974?
2, 226487
What are the prime factors of 468116?
2, 11, 10639
What are the prime factors of 1254544?
2, 89, 881
What are the prime factors of 244905?
3, 5, 29, 563
What are the prime factors of 1807055?
5, 361411
What are the prime factors of 807604?
2, 7, 28843
List the prime factors of 2428243.
2428243
List the prime factors of 130124.
2, 32531
What are the prime factors of 2515550?
2, 5, 50311
List the prime factors of 621797.
11, 56527
What are the prime factors of 17725525?
5, 23, 29, 1063
What are the prime factors of 76232?
2, 13, 733
What are the prime factors of 18276095?
5, 3655219
List the prime factors of 278358.
2, 3, 17, 2729
List the prime factors of 153972.
2, 3, 7, 13, 47
List the prime factors of 6807795.
3, 5, 19, 23887
List the prime factors of 4802998.
2, 23, 193, 541
What are the prime factors of 4054869?
3, 7, 13, 4951
What are the prime factors of 214360?
2, 5, 23, 233
List the prime factors of 12917174.
2, 6458587
What are the prime factors of 2153762?
2, 13, 82837
What are the prime factors of 853135?
5, 170627
List the prime factors of 22429423.
769, 29167
What are the prime factors of 146707?
11, 13337
What are the prime factors of 1308809?
47, 27847
What are the prime factors of 263052?
2, 3, 7307
List the prime factors of 3476419.
3476419
List the prime factors of 254179.
254179
List the prime factors of 2216078.
2, 37, 29947
List the prime factors of 234267.
3, 11, 31, 229
List the prime factors of 4456899.
3, 495211
What are the prime factors of 149078?
2, 131, 569
List the prime factors of 513054.
2, 3, 3167
List the prime factors of 1091325.
3, 5, 14551
List the prime factors of 15798373.
15798373
List the prime factors of 148684.
2, 37171
List the prime factors of 1751488.
2, 27367
What are the prime factors of 125141?
125141
List the prime factors of 416343.
3, 137, 1013
What are the prime factors of 2829606?
2, 3, 13, 36277
List the prime factors of 1402434.
2, 3, 11, 787
What are the prime factors of 1538956?
2, 59, 6521
What are the prime factors of 42583500?
2, 3, 5, 9463
List the prime factors of 2079686.
2, 7, 148549
List the prime factors of 8803568.
2, 569, 967
List the prime factors of 3627805.
5, 337, 2153
What are the prime factors of 168425?
5, 6737
List the prime factors of 242946.
2, 3, 11, 409
List the prime factors of 570572.
2, 67, 2129
List the prime factors of 100876.
2, 25219
What are the prime factors of 25819273?
25819273
List the prime factors of 421143.
3, 140381
List the prime factors of 1902025.
5, 76081
What are the prime factors of 3337333?
3337333
What are the prime factors of 1711766?
2, 7, 17467
What are the prime factors of 4290903?
3, 19, 23, 1091
List the prime factors of 1024494.
2, 3, 170749
What are the prime factors of 2815822?
2, 401, 3511
List the prime factors of 6430496.
2, 103, 1951
List the prime factors of 883247.
883247
What are the prime factors of 72588?
2, 3, 23, 263
List the prime factors of 1219521.
3, 406507
What are the prime factors of 278350?
2, 5, 19, 293
What are the prime factors of 308350?
2, 5, 7, 881
What are the prime factors of 362589?
3, 120863
List the prime factors of 18111